tors of c?
2, 23
Let w = -23 + 35. Suppose 3*m - 42 = w. List the prime factors of m.
2, 3
Let o be 4/(-26) - 134/(-26). What are the prime factors of (-14 + -1)*(-4)/o?
2, 3
Let q be (-235)/(-5) + 0 + 1. Suppose 0*d + q = 3*d. What are the prime factors of d?
2
Let y = -49 + 86. List the prime factors of y.
37
Let f = 19 + 13. What are the prime factors of f?
2
Let j be (7/(-1) - -1)/(-2). Let y(s) = 1 + s**j - 2*s + 2*s. List the prime factors of y(2).
3
Suppose -3 = 3*u - 3*i, -2*u + 13 = -3*u + 4*i. Let b(j) = -j**3 + 3*j**2 + 2*j - 3. Let g be b(u). What are the prime factors of ((-27)/12)/(g/(-16))?
2, 3
Suppose -2*a - 5 = -73. Let r = a + -6. What are the prime factors of r?
2, 7
Let f(m) = 0*m**2 + 5*m**2 - 1 - 2*m - 4*m**2. List the prime factors of f(3).
2
Suppose 18*h + 15 = 13*h. Let b(d) = 3*d - 3. Let l be b(4). Let v = l + h. List the prime factors of v.
2, 3
Let m(k) = 16*k - 1. Let a(s) = s**2 - 4*s + 1. Let f be a(4). List the prime factors of m(f).
3, 5
Suppose 5*i - 12 = 2*y, 3*i = 4*i - 5*y + 16. Let h(u) = 2*u**3 - 6*u**2 + 2*u + 5. List the prime factors of h(i).
3, 5
Suppose 6*j + 2*j - 1112 = 0. What are the prime factors of j?
139
What are the prime factors of (-33)/22*68/(-6)?
17
List the prime factors of 4/(-22) - (-3017)/77.
3, 13
Let j(t) = -t**3 - 6*t**2 - 10*t + 14. What are the prime factors of j(-6)?
2, 37
Suppose 0 = -l + 5 + 1. What are the prime factors of l?
2, 3
Let k be 3 - 0 - ((-30)/(-6) + -40). Suppose -c + 3*q = -q - 5, -3*q - 30 = 3*c. What are the prime factors of k*(-3 - c/2)?
19
Suppose -4*s = -13 - 111. Let k = -20 + s. What are the prime factors of k?
11
Suppose 0 = q + 76 - 155. List the prime factors of q.
79
Let p be -2 - -2 - (3 - 0). What are the prime factors of (-9)/(-1) - (2 + p)?
2, 5
Suppose 0 = 2*f + 13 - 43. List the prime factors of f/2 - (-1)/2.
2
Let j(t) = -2*t**2 + 2*t + 4. Let m be j(3). Let l = m - -10. What are the prime factors of l?
2
Suppose -2*u = -3*a + 386, -5*u + 420 = 5*a - 215. Suppose -a = -3*z - z. Suppose 3*w = 6, -4*p - 3*w + 26 = -z. What are the prime factors of p?
13
List the prime factors of (-5)/(40/(-94))*4.
47
Suppose -18 = 5*j - 113. List the prime factors of j.
19
Let h(f) = 5*f + 1. Let m(v) = -v**2 + v. Let q(c) = -h(c) + 3*m(c). Let j be q(-2). Let u = 15 + j. List the prime factors of u.
2, 3
Let k be -3 + 2 + 2 - -30. Suppose 2*g + 2*n + 42 = 0, -k = g - 0*n + 3*n. Let v = 24 + g. List the prime factors of v.
2
Let w(u) = 4*u - 3. Let p(m) = -2*m - 7. Let a be p(-5). What are the prime factors of w(a)?
3
Let i = -13 + 28. Suppose 0 = 3*y + 3*b + i, b + 2*b + 17 = -5*y. Let u(j) = 8*j**2 - j. What are the prime factors of u(y)?
3
Suppose 8*q = 36*q - 5852. What are the prime factors of q?
11, 19
Suppose -11*n = -9*n - 192. List the prime factors of n.
2, 3
Suppose 0 = -2*y + 3*y + 6. What are the prime factors of (-6)/(-9) - 74/y?
13
Let v(o) = -o**3 + 3*o**2 + 5*o - 3. Let z = 5 + -2. List the prime factors of v(z).
2, 3
Let k = 56 + -40. Suppose s - 3 = -y, -2*s = 5*y - k - 2. Suppose 4*p + 2*t = 62, 0*p - y*t + 33 = p. List the prime factors of p.
13
Suppose -4*p - 25 = -9*p. Let c = 8 - p. List the prime factors of c.
3
Let o(n) = n**2. Let s be o(-3). Let y = s - 4. List the prime factors of y.
5
Suppose -5*s = -118 - 82. Let o = s - 29. List the prime factors of o.
11
Let t = 6 - 9. Let f = 5 - t. What are the prime factors of f?
2
Let f(z) = 2*z. Let u be f(1). Suppose -b = -u*b. Suppose -2*v + 7 - 1 = b. List the prime factors of v.
3
Let w be -5*(-2 - (0 - 1)). Let m = -6 - w. Let u = m - -24. What are the prime factors of u?
13
Suppose -5*t + 73 = q, -q = -3*t - 0*t - 73. What are the prime factors of q?
73
Suppose 3*q = o + 4*o + 108, 4*q + 4*o - 112 = 0. List the prime factors of q.
31
Suppose -x = -5*x + 104. What are the prime factors of x?
2, 13
Let w(s) = -3*s + 12. Let g be w(8). Let v = 8 - g. What are the prime factors of v?
2, 5
Suppose -4*o = -4*s - 108, s = -4*o + 137 - 14. Suppose 4*g - o = -3*v, 0 = 4*g - 2*g - 4*v - 26. What are the prime factors of g?
3
Suppose -4*m - 2*o - o + 378 = 0, -5*m - 3*o = -474. What are the prime factors of m?
2, 3
What are the prime factors of (6/4)/(93/8866)?
11, 13
Let i(q) = 18*q**3 + 1. Suppose -2*a + 3 = a. Let m = a - 0. List the prime factors of i(m).
19
Suppose 401 = 4*u + q, 3*u - 4*q = 7*u - 404. List the prime factors of u.
2, 5
Let q(j) = j**3 + 9*j**2 - 10*j + 12. What are the prime factors of q(-9)?
2, 3, 17
Let n = -13 + 22. Let r = 3 - 0. What are the prime factors of n*(4/r + 0)?
2, 3
Let y(s) = -2*s - 7. Let p be y(-7). Let o(g) = -g**3 + 6*g**2 + 11*g - 9. What are the prime factors of o(p)?
19
Let b(a) = -a**2 + 7. Let n be b(0). Suppose -4*m + 3*m + 2 = r, -m = 3*r - 6. Suppose r*u + n = 3*u. List the prime factors of u.
7
Suppose 4*l + 5*u = 3*l + 142, 2*u = 8. List the prime factors of l/18 + (-4)/(-18).
7
List the prime factors of (-30)/(-4)*308/33.
2, 5, 7
Suppose -h + 20 = 3*r, 7*h + 11 = r + 3*h. Let x = 21 - r. List the prime factors of x.
2, 7
Suppose 0*z = -5*z - 15. Let n = 10 + z. List the prime factors of ((-1)/3)/(n/(-105)).
5
Let p = 10 - 3. Suppose p - 2 = t + 4*s, -3*t + 5*s + 83 = 0. What are the prime factors of t?
3, 7
Let o(w) = -w**2 - 37*w - 22. What are the prime factors of o(-14)?
2, 3, 5
Suppose -117 - 736 = -4*t - u, -t - 3*u + 216 = 0. List the prime factors of t.
3, 71
Suppose 4 = -o - 4*w, -w + 4*w = -2*o - 3. Suppose 0 = 5*x + 3*d - 10, -2*x + o + 3 = d. What are the prime factors of (x + 2)*-1*-11?
11
Let x(u) = -6*u + 4. Let p be x(-6). Suppose 0 = 4*j - o - p, -10 - 27 = -5*j - 2*o. Suppose 0 = -4*b + b + j. What are the prime factors of b?
3
Suppose -2*t - 4*k - 208 = -6*t, t = 5*k + 68. Suppose -t = -3*x - 0. What are the prime factors of x?
2
Suppose -17*i = -14*i - 309. What are the prime factors of i?
103
Suppose 0 = 7*k - 2*k - 10. Suppose -5*p - 26 = 5*a - 2*p, -k*a = -4*p. What are the prime factors of (6/a)/(2/(-20))?
3, 5
Suppose 0 = 3*v + 5*r - 229, 0 = -v - 4*r - 0*r + 88. What are the prime factors of v?
2, 17
Suppose -28 + 78 = 5*m. List the prime factors of m.
2, 5
Let w(u) = -7*u - 24. List the prime factors of w(-6).
2, 3
What are the prime factors of (-4)/20 - 5655/(-25)?
2, 113
Suppose -k + 66 = 24. List the prime factors of k.
2, 3, 7
Let z(d) = 4*d**3 + d**2 - 1. Let b be z(1). Suppose 5*o = 4*k + 18 - 77, 2*k + 4*o = 62. Suppose -k = -b*a + a. List the prime factors of a.
7
Suppose 0 = -3*p + 6, -2*s - 4*p = -4*s + 432. What are the prime factors of s?
2, 5, 11
Let b(g) = -5*g - 4. Suppose 4*s = 3*s - 5. List the prime factors of b(s).
3, 7
Suppose 6*d - d - 4*o = 9, -d + 2*o = 3. Suppose -d*l + 0*a - 2*a = -4, 0 = -2*l + 5*a - 10. Suppose -j - 1 + 4 = l. What are the prime factors of j?
3
List the prime factors of (-2)/(-16) + (-1080)/(-64).
17
Suppose 5*h + 5*u + 13 + 77 = 0, 5*u = 25. Let l = 16 + h. Let x = l + 15. What are the prime factors of x?
2
Let n = 31 + -19. Suppose -2*q + n = q - 5*w, 0 = -4*w. Suppose 3*x - q*x + 2 = 0. What are the prime factors of x?
2
Let d(g) = -g**3 - 4*g**2 - 4*g - 3. Let c be -3*(-2)/((-4)/2). Let o be d(c). Suppose o*n = 5*n - 60. List the prime factors of n.
2, 3
Let z(w) = w**2 - 9*w - 8. Suppose -x + 5*p - 65 = -6*x, -p = -5*x + 53. What are the prime factors of z(x)?
2, 7
Let h be (-1 - 4/2) + 120. Let l be 6/(-15) + h/5. Suppose -33 = -4*v + l. List the prime factors of v.
2, 7
Let a(i) = -2*i**3 - i**2 + i. Suppose 1 = 2*g - 1. Let t be a(g). List the prime factors of 5/2 - 1/t.
3
Let a = 39 + -4. Suppose -5*q - 6*k + 57 = -4*k, 3*q + 2*k - a = 0. What are the prime factors of q?
11
Let z(u) = -49*u**2 + u - 1. Let t be z(1). Let x = t + 35. Let k = -10 - x. What are the prime factors of k?
2
Let n(g) = -g + 2. Let v(s) = 6*s - 11. Let w(k) = 11*n(k) + 2*v(k). Let d be w(2). List the prime factors of 2/(d/13) - 2.
11
Let m(b) be the third derivative of b**4/8 + b**3/2 - b**2. Let v(o) = o**3 - 4*o**2 + 2*o + 7. Let y be v(3). List the prime factors of m(y).
3, 5
Let r = -9 - -3. Let o(g) = 2*g**2 + 2*g - 5. Let j be o(r). Suppose -7*k + 5*m + j = -2*k, -8 = -k + 4*m. What are the prime factors of k?
2, 3
Let f = 1 - -4. Suppose -3*w + f*y + 13 = -24, w + 2*y = -6. What a